. What is b(g)?
3
Let q(m) = m**2 + 15*m - 14. Let f(p) = p**2 - 10*p + 8. Let u be f(4). Let w be q(u). Let h(g) = 2*g - 1. What is h(w)?
3
Let s(t) = 3*t + 9. Let z(a) be the first derivative of -8*a**2 - 46*a - 3. Let x(g) = 11*s(g) + 2*z(g). What is x(-4)?
3
Let v = -43 - -29. Let o = 19 + v. Suppose 0 = b + x + 1, -5*x + 0 = 3*b + o. Let d(r) = -r**3 - r**2 - r - 5. Calculate d(b).
-5
Let l(x) = -3*x**3 - 16*x**2 - x + 17. Let i be l(-5). Let r(m) = m - 3. Determine r(i).
-6
Let s(w) = -w - 2. Let f(x) = -x**3 + 15*x**2 - 29*x + 43. Let r be f(13). What is s(r)?
-6
Suppose 0 = 3*j - 6*j + 4*t - 76, -4*j + 2*t = 98. Let x = 26 + j. Let l(i) = 8 + 1 - 7*i - i**x + 2*i**2 - 5. Give l(7).
4
Let u(a) = -a + 19. Let p(f) = 2*f - 18. Let o(m) = 6*p(m) + 5*u(m). Let s(x) = x - 2. Let z = 13 + -19. Let k(v) = z*o(v) + 39*s(v). Give k(-4).
12
Let z(x) = 13*x**2 + 2*x + 2. Let t(n) = 53*n**2 + 9*n + 9. Let c(m) = 2*t(m) - 9*z(m). Calculate c(-1).
-11
Let n(x) = -3*x. Let u(l) = l. Let w(h) = -2*n(h) - 7*u(h). Let v(t) = t - 1. Let y(g) = -2*v(g) - 3*w(g). Give y(3).
5
Let t(j) = 5*j - 17*j - 5 + 5*j + 5*j. Calculate t(7).
-19
Suppose 5*h - 4*h - 15 = 0. Suppose -2*j = j - h. Suppose -b - 3*y = -0*y + 12, -j*b + 4*y + 16 = 0. Let o(d) = -d + 5. Determine o(b).
5
Let d(x) = -2*x. Suppose -2*o + 63 = 5*g + 2*o, 4*g = o + 42. Let n = 5 - g. Let y be (n/10)/(6/30). Determine d(y).
6
Let d(l) = -5*l + 3*l**2 + 4*l + 6 - 5*l - 2*l**2. Suppose -2*a + 65 = 3*a + 2*w, 3*w = 5*a - 65. Let n = a - 8. What is d(n)?
1
Let g(c) be the third derivative of 1/6*c**4 + 7/6*c**3 + 0*c + 15*c**2 + 0. Calculate g(-5).
-13
Let n(c) = 16*c**2 - 21*c - 3. Let b(i) = 6*i**2 - 7*i - 1. Let k(s) = -11*b(s) + 4*n(s). Suppose -3*j - 2*r = 17, 19 = -3*j - r + 3. Calculate k(j).
-16
Let p(h) = 14*h - 54*h**2 + 155*h**2 + 13 - 100*h**2. What is p(-13)?
0
Let k = 1101 - 1086. Let z(j) = 2*j - 28. Calculate z(k).
2
Let s be 1 - (-3 - -4) - 5 - 1. Let v(y) = 6 + 1 + 10*y - 6 + y**2 + 5. What is v(s)?
-18
Let h = 139 - 117. Let z(a) = 10*a + 5*a + 4*a - h*a. Give z(1).
-3
Suppose 4*n = -v - 3, 5*v - 20 + 3 = -4*n. Let b(y) = 10 - 16 - v - y. What is b(-11)?
0
Let c be (-1 + 1)/((-27)/(-9)). Suppose -r - 4*a - 10 = -c*r, -3*r + 14 = a. Let x(k) be the second derivative of -k**3/6 - 2*k**2 - 3*k. What is x(r)?
-10
Let a be 4 - (2/(-3))/((-7)/21). Let i(l) = -l**3 - 7*l + 7*l - a - l + l**2. What is i(2)?
-8
Let a be (2/(-3))/(2/(-21)). Let b(l) = -20*l - 4. Let w(q) = 37*q + 6. Let u(d) = -11*b(d) - 6*w(d). Calculate u(a).
-6
Suppose -o = 4*o - 5. Let z be 4/(2 - 6) + 1. Let w(p) = -p**2 - p + 1 + z*p + 0*p. What is w(o)?
-1
Suppose -2*b - 37 = 2*b - 3*v, 2*b + 4*v + 46 = 0. Let y(t) = t**3 + 14*t**2 + 11*t - 24. Give y(b).
2
Let i(n) = 15*n - 5. Let r(g) = 33*g - 11. Let f(v) = 13*i(v) - 6*r(v). Calculate f(-3).
10
Let m(p) = -11*p**3 + 2*p + 1. Let b = 244 - 245. Give m(b).
10
Let f = 3 + -39. Let p = f + 31. Let v(t) = -t**2 - 4*t + 6. Determine v(p).
1
Let q = 24 + -19. Let c(g) = g**3 + 4*g**2 - g + 4. Let y be c(-4). Let d(z) = -8*z + 7. Let j(l) = 12*l - 11. Let a(n) = q*j(n) + y*d(n). Determine a(2).
-7
Let m(v) = 4*v - 131. Let r(d) = -3*d + 89. Let q(l) = 5*m(l) + 7*r(l). What is q(0)?
-32
Suppose -11 = 5*s + 3*f, s + 2*f = f - 1. Let n(i) = -2*i**2 - 5*i + 4. What is n(s)?
-8
Let r(i) = -i**2 - 3*i + 4. Let b(m) = 2*m - 19. Let j be (21/4)/((-48)/(-64)). Let l be b(j). Give r(l).
-6
Let w(f) = 6*f**2 - 1. Let r be w(1). Let z(j) = -13*j + r*j - 4 + 7. Let x(h) = h**3 + 10*h**2 + 10*h + 11. Let c be x(-9). Give z(c).
-13
Let z(h) = -h**2 - h + 4. Let q be z(-2). Let f(x) = -55*x**2 - 3 - q + 56*x**2 - 6*x. Let o be (-3)/((-2)/(24/9)). Calculate f(o).
-13
Let x(y) = 2*y**2 + 19*y + 23. Let i be x(-8). Let g = -3 - -4. Let v(m) = m**2 + m + 0 + g + 5*m**2. Determine v(i).
6
Let o = -330 - -326. Let i(b) be the second derivative of b**3/6 + b**2 + 2*b. Calculate i(o).
-2
Let w = -3 - -17. Let j = 9 - w. Let k(n) = -n - 4. Calculate k(j).
1
Let y(s) be the first derivative of s**3/3 + 11*s**2/2 - s + 73. Give y(-10).
-11
Let o(r) = 9*r - 5. Suppose 2*q = -5*p + 11, 7*q - 13 = 3*q - p. What is o(q)?
22
Let y be -4*1 - (6 + -40). Let u = y + -23. Let a(v) = v - 15. What is a(u)?
-8
Let x(b) = b**2 - 9*b + 7. Suppose 5*z = 169 + 31. Suppose -6*w = -11*w + z. What is x(w)?
-1
Let u(l) = l**2 + 12*l - 20. Let x be u(-14). Suppose -2*h = 2 + x. Let z(y) be the second derivative of y**4/12 + 2*y**3/3 + 2*y. What is z(h)?
5
Let p(c) = -12*c**3 + 5*c**2 - 56*c - 5. Let n(v) = -5*v**3 + 3*v**2 - 25*v - 3. Let h(m) = -7*n(m) + 3*p(m). Determine h(-7).
6
Let i(p) = -3*p + 0*p - 11 + 2*p. Suppose 0 = 10*c - 85*c + 45*c - 210. What is i(c)?
-4
Let a(p) = p**3 + 2*p**2 - 3*p. Let o(g) = g**2 + 7*g - 6. Let z be o(-8). Suppose 0*h - 71 = 3*h + w, -w = z. Let d = 25 + h. Calculate a(d).
10
Let n(o) be the first derivative of 5*o**2/2 + o - 31. Give n(1).
6
Suppose m + 6 - 7 = 0, -5*m = 5*b + 45. Let r(x) = -x - 11. Determine r(b).
-1
Let p(v) = v**2 + 3*v + 1. Suppose 5 = -5*r, -8*r + 9*r = -3*d - 16. Give p(d).
11
Let z(p) = p**2 - 15*p + 8. Let m(h) = h**2 - 8*h + 2. Let s(i) = 5*i**2 - 40*i + 9. Let g(o) = 11*m(o) - 2*s(o). Let u(y) = -5*g(y) + 3*z(y). What is u(-4)?
-8
Let c(y) = y**3 + 7*y**2 + y + 5. Let i be (-7)/(-35)*0 + (-6 - 0). What is c(i)?
35
Let x(w) = -w**2 + w + 1. Suppose -5*k = -4*k, 10 = -5*s - 2*k. Let y(l) = -l**3 + 2*l**2 + l - 3. Let v(f) = s*x(f) - y(f). Determine v(2).
3
Let h(f) = 2*f - 3 + 3*f - 12*f - 7*f + 4. What is h(-1)?
15
Let m(r) = -r + 1. Let k(d) = -18*d + 18. Let z(c) = -k(c) + 15*m(c). Let p(x) = x - 16. Let n be p(20). Determine z(n).
9
Let z = 31 - 23. Let b(f) = 2*f - 6 + z - 4. Give b(6).
10
Suppose -42 = -5*b - 7. Suppose 0 = 4*r - b*r + 3. Let p(h) = -h - r - 3*h - 2*h**2 + h + 2*h. Calculate p(-1).
-2
Suppose 2*u + u - 11 = 5*p, 4*p + 10 = 3*u. Let o be 2*u*(8 - 9). Let j(a) be the first derivative of -a**3/3 - 7*a**2/2 - 5*a + 2. Give j(o).
7
Let u(f) = -7*f**2 + 12*f + 23. Let r(p) = p**2 - p - 4. Let x(n) = -6*r(n) - u(n). Give x(7).
8
Let g(h) be the first derivative of 17*h**2 + 3 - 2 + 12*h - 18*h**2. Let v be g(5). Let w(n) = -2*n - 2. What is w(v)?
-6
Let b(y) = -y + 7. Let f be 8/18*9/2. Suppose -13 = -5*d + f. What is b(d)?
4
Let a = -18 + 23. Let d(u) = a*u - u**2 - 6 - 4*u**3 + 8*u**2 + 5*u**3. Determine d(-6).
0
Let i(y) be the third derivative of -17*y**2 - 1/12*y**4 + 0*y - y**3 + 0. Give i(-6).
6
Let l(o) be the first derivative of o**4/2 - 5*o**3/3 + o**2/2 - o + 11. Let i be l(2). Let a(z) = -2*z**2 + 2*z + 4. Calculate a(i).
-20
Let n(b) = 7*b - 41. Suppose -52*w + 46*w = -30. Determine n(w).
-6
Let g(k) = k**2 + 11 - 12*k - 26 + 16 + 10 + 3. Let a(d) = 9*d**2 + 1. Let w be a(-1). Determine g(w).
-6
Let g(z) = z**3 - 9*z**2 - 10*z + 5. Let d be g(10). Let v(m) = -9 + 6*m - 2*m - m**2 + 13. What is v(d)?
-1
Let j(z) = -1 + z**2 + 4*z**2 - 3*z**2 - 7*z. Let v(k) = -k**3 + 64*k**2 + 270*k + 141. Let q be v(68). Calculate j(q).
14
Let j(u) = 7*u**3. Suppose 4*q - k - k = 22, -5*q - 4*k + 8 = 0. Suppose -w - q*w = x - 26, 4*x - 14 = -2*w. Give j(x).
7
Suppose -6 = -3*c + 6, 2*d + c = 16. Let k(p) = 4*p**2 + 4*p + 12. Let x(v) = -v**2 - 1. Let i(b) = -k(b) - 5*x(b). Give i(d).
5
Suppose -h = 4*r + 3, 5 = 2*r - 4*h - 7. Suppose 0 = 4*z - r*z + 8. Let c(o) = 10 - 5*o + 1 + 15*o - 8. Give c(z).
-17
Let z be (-12)/(-4) + -3 + -1. Let w be (-10 - -10) + 3 + z. Let k(t) = -t + 7*t**2 - 1 + w*t - t - t. What is k(-1)?
7
Suppose 15 = -110*d + 105*d - 5*o, 0 = -2*d + 5*o - 27. Let h(n) = 8*n + 2. Calculate h(d).
-46
Let f(o) be the third derivative of -o**5/60 + o**4/6 - o**3/3 + 9*o**2. Let b = 18 - 13. Suppose 0 = -y - b, 0 = h - 3*y - 19. Give f(h).
-2
Let y be (0 + 42)*20/6. Let j be 24/(-14)*y/(-30). Suppose t + 42 = j*t. Let s(b) = -b. Give s(t).
-6
Let n be (6/4)/((-6)/(-8)). Let w = 537 - 510. Let s(d) = w - 23 + 0*d - n*d. Give s(5).
-6
Let k(f) be the third derivative of -f**2 - 1/24*f**4 + 0 + 0*f - 1/3*f**3. Let r = 7 + -9. What is k(r)?
0
Let a(h) = -1242*h**3 + 15 + 1243*h**3 - 4*h - 5*h - 5*h**2. Determine a(6).
-3
Suppose -z + 1 = -1, 39 = 3*y - 3*z. Let r(b) = 2*b - 33. Let g be r(y). Let t(q) = q**3 + 4*q**2 - 2. Give t(g).
7